{"id":1440,"date":"2024-12-17T20:54:35","date_gmt":"2024-12-17T20:54:35","guid":{"rendered":"https:\/\/santaanamaya.gob.mx\/?page_id=1440"},"modified":"2024-12-18T21:02:01","modified_gmt":"2024-12-18T21:02:01","slug":"quesadilla-de-santa-ana-maya","status":"publish","type":"page","link":"https:\/\/santaanamaya.gob.mx\/index.php\/quesadilla-de-santa-ana-maya\/","title":{"rendered":"Quesadilla de Santa Ana Maya"},"content":{"rendered":"<div class=\"fusion-fullwidth fullwidth-box fusion-builder-row-1 fusion-flex-container has-pattern-background has-mask-background nonhundred-percent-fullwidth non-hundred-percent-height-scrolling\" style=\"--awb-border-radius-top-left:0px;--awb-border-radius-top-right:0px;--awb-border-radius-bottom-right:0px;--awb-border-radius-bottom-left:0px;--awb-flex-wrap:wrap;\" ><div class=\"fusion-builder-row fusion-row fusion-flex-align-items-flex-start fusion-flex-content-wrap\" style=\"max-width:1206.4px;margin-left: calc(-4% \/ 2 );margin-right: calc(-4% \/ 2 );\"><div class=\"fusion-layout-column fusion_builder_column fusion-builder-column-0 fusion_builder_column_1_2 1_2 fusion-flex-column\" style=\"--awb-bg-size:cover;--awb-width-large:50%;--awb-margin-top-large:25px;--awb-spacing-right-large:3.84%;--awb-margin-bottom-large:25px;--awb-spacing-left-large:3.84%;--awb-width-medium:100%;--awb-order-medium:0;--awb-spacing-right-medium:1.92%;--awb-spacing-left-medium:1.92%;--awb-width-small:100%;--awb-order-small:0;--awb-spacing-right-small:1.92%;--awb-spacing-left-small:1.92%;\"><div class=\"fusion-column-wrapper fusion-column-has-shadow fusion-flex-justify-content-flex-start fusion-content-layout-column\"><div class=\"fusion-text fusion-text-1\" style=\"--awb-content-alignment:justify;\"><div class=\"flex-shrink-0 flex flex-col relative items-end\">\n<div>\n<div class=\"pt-0\">\n<div class=\"gizmo-bot-avatar flex h-8 w-8 items-center justify-center overflow-hidden rounded-full\">\n<div class=\"relative p-1 rounded-sm flex items-center justify-center bg-token-main-surface-primary text-token-text-primary h-8 w-8\"><\/div>\n<\/div>\n<\/div>\n<\/div>\n<\/div>\n<div class=\"group\/conversation-turn relative flex w-full min-w-0 flex-col agent-turn\">\n<div class=\"flex-col gap-1 md:gap-3\">\n<div class=\"flex max-w-full flex-col flex-grow\">\n<div class=\"min-h-8 text-message flex w-full flex-col items-end gap-2 whitespace-normal break-words text-start &#091;.text-message+&amp;&#093;:mt-5\" dir=\"auto\" data-message-author-role=\"assistant\" data-message-id=\"c5e16df4-80c5-4ac4-8634-ccf8eacf997f\" data-message-model-slug=\"gpt-4o\">\n<div class=\"flex w-full flex-col gap-1 empty:hidden first:pt-&#091;3px&#093;\">\n<div class=\"markdown prose w-full break-words dark:prose-invert light\">\n<p>Las <strong>quesadillas de Santa Ana Maya<\/strong>, tambi\u00e9n conocidas como &#8220;casadillas&#8221;, son un pan tradicional originario del municipio de Santa Ana Maya, Michoac\u00e1n. Este pan se elabora con una masa tipo hojaldre y se cubre con miel de piloncillo, ofreciendo un sabor dulce caracter\u00edstico.<\/p>\n<p>La historia de las casadillas se remonta a m\u00e1s de un siglo, cuando eran preparadas como ofrendas en las bodas, sirviendo como postre en lugar de pastel. Esta tradici\u00f3n consist\u00eda en repartir las casadillas entre los invitados como s\u00edmbolo de buenos deseos para los reci\u00e9n casados.<\/p>\n<div class=\"relative inline-flex items-center\"><a class=\"ml-1 inline-flex h-&#091;22px&#093; items-center rounded-xl bg-&#091;#f4f4f4&#093; px-2 text-&#091;0.5em&#093; font-medium text-token-text-secondary dark:bg-token-main-surface-secondary relative top-&#091;-0.094rem&#093; !text-token-text-secondary uppercase hover:bg-token-text-primary hover:!text-token-main-surface-secondary dark:hover:bg-token-text-primary group\" href=\"https:\/\/revistabitacora.mx\/las-casadillas-de-santana-maya\/?utm_source=chatgpt.com\" target=\"_blank\" rel=\"noopener\"><span class=\"truncate\">Bit\u00e1cora<\/span><\/a><\/div>\n<p>Existe cierta controversia respecto al nombre de este pan. Algunos sostienen que el t\u00e9rmino original es &#8220;casadillas&#8221;, derivado de su uso en ceremonias nupciales. Sin embargo, otros afirman que el nombre correcto es &#8220;quesadillas&#8221;, y que la denominaci\u00f3n &#8220;casadillas&#8221; surgi\u00f3 por error. Por ejemplo, Jorge Luis Pardo, panadero de Santa Ana Maya, se\u00f1ala que su madre aprendi\u00f3 la receta de una mujer llamada Zaleta Orej\u00f3n, quien siempre las llam\u00f3 &#8220;quesadillas&#8221;.<\/p>\n<div class=\"relative inline-flex items-center\"><a class=\"ml-1 inline-flex h-&#091;22px&#093; items-center rounded-xl bg-&#091;#f4f4f4&#093; px-2 text-&#091;0.5em&#093; font-medium text-token-text-secondary dark:bg-token-main-surface-secondary relative top-&#091;-0.094rem&#093; !text-token-text-secondary uppercase hover:bg-token-text-primary hover:!text-token-main-surface-secondary dark:hover:bg-token-text-primary group\" href=\"https:\/\/www.changoonga.com\/2019\/07\/10\/michoacan-aun-sin-queso-su-nombre-original-son-quesadillas-de-santa-ana-maya-familia-pardo\/?utm_source=chatgpt.com\" target=\"_blank\" rel=\"noopener\"><span class=\"truncate\">Changoonga<\/span><\/a><\/div>\n<p>A pesar de la confusi\u00f3n en torno a su nombre, las quesadillas o casadillas de Santa Ana Maya se han consolidado como una delicia gastron\u00f3mica representativa de la regi\u00f3n. Su preparaci\u00f3n artesanal y su sabor \u00fanico las han llevado m\u00e1s all\u00e1 de las fronteras de Michoac\u00e1n, siendo apreciadas en diversas partes de M\u00e9xico e incluso en Estados Unidos, gracias a la comunidad migrante que mantiene viva esta tradici\u00f3n.<\/p>\n<\/div>\n<\/div>\n<\/div>\n<\/div>\n<\/div>\n<\/div>\n<\/div><\/div><\/div><div class=\"fusion-layout-column fusion_builder_column fusion-builder-column-1 fusion_builder_column_1_2 1_2 fusion-flex-column\" style=\"--awb-bg-size:cover;--awb-width-large:50%;--awb-margin-top-large:25px;--awb-spacing-right-large:3.84%;--awb-margin-bottom-large:25px;--awb-spacing-left-large:3.84%;--awb-width-medium:100%;--awb-order-medium:0;--awb-spacing-right-medium:1.92%;--awb-spacing-left-medium:1.92%;--awb-width-small:100%;--awb-order-small:0;--awb-spacing-right-small:1.92%;--awb-spacing-left-small:1.92%;\"><div class=\"fusion-column-wrapper fusion-column-has-shadow fusion-flex-justify-content-flex-start fusion-content-layout-column\"><div class=\"fusion-image-element \" style=\"text-align:center;--awb-bottom-shadow-color:hsla(var(--awb-color8-h),var(--awb-color8-s),var(--awb-color8-l),calc(var(--awb-color8-a) - 75%));--awb-caption-title-font-family:var(--h2_typography-font-family);--awb-caption-title-font-weight:var(--h2_typography-font-weight);--awb-caption-title-font-style:var(--h2_typography-font-style);--awb-caption-title-size:var(--h2_typography-font-size);--awb-caption-title-transform:var(--h2_typography-text-transform);--awb-caption-title-line-height:var(--h2_typography-line-height);--awb-caption-title-letter-spacing:var(--h2_typography-letter-spacing);\"><div class=\"awb-image-frame awb-image-frame-1 imageframe-liftup awb-bottomshadow\"><span class=\" fusion-imageframe imageframe-bottomshadow imageframe-1\"><img decoding=\"async\" width=\"400\" height=\"300\" title=\"24-ene-casadillas-2-750&#215;563\" src=\"https:\/\/santaanamaya.gob.mx\/wp-content\/uploads\/2024\/11\/24-ene-casadillas-2-750x563-1.jpg\" data-orig-src=\"http:\/\/santaanamaya.gob.mx\/wp-content\/uploads\/2024\/11\/24-ene-casadillas-2-750x563-1-400x300.jpg\" alt class=\"lazyload img-responsive wp-image-1204\" srcset=\"data:image\/svg+xml,%3Csvg%20xmlns%3D%27http%3A%2F%2Fwww.w3.org%2F2000%2Fsvg%27%20width%3D%27750%27%20height%3D%27563%27%20viewBox%3D%270%200%20750%20563%27%3E%3Crect%20width%3D%27750%27%20height%3D%27563%27%20fill-opacity%3D%220%22%2F%3E%3C%2Fsvg%3E\" data-srcset=\"https:\/\/santaanamaya.gob.mx\/wp-content\/uploads\/2024\/11\/24-ene-casadillas-2-750x563-1-200x150.jpg 200w, https:\/\/santaanamaya.gob.mx\/wp-content\/uploads\/2024\/11\/24-ene-casadillas-2-750x563-1-400x300.jpg 400w, https:\/\/santaanamaya.gob.mx\/wp-content\/uploads\/2024\/11\/24-ene-casadillas-2-750x563-1-600x450.jpg 600w, https:\/\/santaanamaya.gob.mx\/wp-content\/uploads\/2024\/11\/24-ene-casadillas-2-750x563-1.jpg 750w\" data-sizes=\"auto\" data-orig-sizes=\"(max-width: 1024px) 100vw, (max-width: 640px) 100vw, 600px\" \/><\/span><svg xmlns=\"http:\/\/www.w3.org\/2000\/svg\" version=\"1.1\" width=\"100%\" viewBox=\"0 0 600 28\" preserveAspectRatio=\"none\"><g clip-path=\"url(#a)\"><mask id=\"b\" style=\"mask-type:luminance\" maskUnits=\"userSpaceOnUse\" x=\"0\" y=\"0\" width=\"600\" height=\"28\"><path d=\"M0 0h600v28H0V0Z\" fill=\"#fff\"\/><\/mask><g filter=\"url(#c)\" mask=\"url(#b)\"><path d=\"M16.439-18.667h567.123v30.8S438.961-8.4 300-8.4C161.04-8.4 16.438 12.133 16.438 12.133v-30.8Z\" fill=\"#000\"\/><\/g><\/g><defs><clipPath id=\"a\"><path fill=\"#fff\" d=\"M0 0h600v28H0z\"\/><\/clipPath><filter id=\"c\" x=\"5.438\" y=\"-29.667\" width=\"589.123\" height=\"52.8\" filterUnits=\"userSpaceOnUse\" color-interpolation-filters=\"sRGB\"><feFlood flood-opacity=\"0\" result=\"BackgroundImageFix\"\/><feBlend in=\"SourceGraphic\" in2=\"BackgroundImageFix\" result=\"shape\"\/><feGaussianBlur stdDeviation=\"5.5\" result=\"effect1_foregroundBlur_3983_183\"\/><\/filter><\/defs><\/svg><\/div><\/div><div class=\"fusion-separator fusion-full-width-sep\" style=\"align-self: center;margin-left: auto;margin-right: auto;margin-bottom:15px;width:100%;\"><\/div><div class=\"fusion-image-element \" style=\"text-align:center;--awb-bottom-shadow-color:hsla(var(--awb-color8-h),var(--awb-color8-s),var(--awb-color8-l),calc(var(--awb-color8-a) - 75%));--awb-caption-title-font-family:var(--h2_typography-font-family);--awb-caption-title-font-weight:var(--h2_typography-font-weight);--awb-caption-title-font-style:var(--h2_typography-font-style);--awb-caption-title-size:var(--h2_typography-font-size);--awb-caption-title-transform:var(--h2_typography-text-transform);--awb-caption-title-line-height:var(--h2_typography-line-height);--awb-caption-title-letter-spacing:var(--h2_typography-letter-spacing);\"><div class=\"awb-image-frame awb-image-frame-2 imageframe-liftup awb-bottomshadow\"><span class=\" fusion-imageframe imageframe-bottomshadow imageframe-2\"><img decoding=\"async\" width=\"400\" height=\"295\" title=\"quesadilla1\" src=\"https:\/\/santaanamaya.gob.mx\/wp-content\/uploads\/2024\/11\/quesadilla1.jpg\" data-orig-src=\"http:\/\/santaanamaya.gob.mx\/wp-content\/uploads\/2024\/11\/quesadilla1-400x295.jpg\" alt class=\"lazyload img-responsive wp-image-1238\" srcset=\"data:image\/svg+xml,%3Csvg%20xmlns%3D%27http%3A%2F%2Fwww.w3.org%2F2000%2Fsvg%27%20width%3D%27569%27%20height%3D%27420%27%20viewBox%3D%270%200%20569%20420%27%3E%3Crect%20width%3D%27569%27%20height%3D%27420%27%20fill-opacity%3D%220%22%2F%3E%3C%2Fsvg%3E\" data-srcset=\"https:\/\/santaanamaya.gob.mx\/wp-content\/uploads\/2024\/11\/quesadilla1-200x148.jpg 200w, https:\/\/santaanamaya.gob.mx\/wp-content\/uploads\/2024\/11\/quesadilla1-400x295.jpg 400w, https:\/\/santaanamaya.gob.mx\/wp-content\/uploads\/2024\/11\/quesadilla1.jpg 569w\" data-sizes=\"auto\" data-orig-sizes=\"(max-width: 1024px) 100vw, (max-width: 640px) 100vw, 400px\" \/><\/span><svg xmlns=\"http:\/\/www.w3.org\/2000\/svg\" version=\"1.1\" width=\"100%\" viewBox=\"0 0 600 28\" preserveAspectRatio=\"none\"><g clip-path=\"url(#a)\"><mask id=\"b\" style=\"mask-type:luminance\" maskUnits=\"userSpaceOnUse\" x=\"0\" y=\"0\" width=\"600\" height=\"28\"><path d=\"M0 0h600v28H0V0Z\" fill=\"#fff\"\/><\/mask><g filter=\"url(#c)\" mask=\"url(#b)\"><path d=\"M16.439-18.667h567.123v30.8S438.961-8.4 300-8.4C161.04-8.4 16.438 12.133 16.438 12.133v-30.8Z\" fill=\"#000\"\/><\/g><\/g><defs><clipPath id=\"a\"><path fill=\"#fff\" d=\"M0 0h600v28H0z\"\/><\/clipPath><filter id=\"c\" x=\"5.438\" y=\"-29.667\" width=\"589.123\" height=\"52.8\" filterUnits=\"userSpaceOnUse\" color-interpolation-filters=\"sRGB\"><feFlood flood-opacity=\"0\" result=\"BackgroundImageFix\"\/><feBlend in=\"SourceGraphic\" in2=\"BackgroundImageFix\" result=\"shape\"\/><feGaussianBlur stdDeviation=\"5.5\" result=\"effect1_foregroundBlur_3983_183\"\/><\/filter><\/defs><\/svg><\/div><\/div><div class=\"fusion-separator fusion-full-width-sep\" style=\"align-self: center;margin-left: auto;margin-right: auto;margin-bottom:15px;width:100%;\"><\/div><div class=\"fusion-image-element \" style=\"text-align:center;--awb-bottom-shadow-color:hsla(var(--awb-color8-h),var(--awb-color8-s),var(--awb-color8-l),calc(var(--awb-color8-a) - 75%));--awb-caption-title-font-family:var(--h2_typography-font-family);--awb-caption-title-font-weight:var(--h2_typography-font-weight);--awb-caption-title-font-style:var(--h2_typography-font-style);--awb-caption-title-size:var(--h2_typography-font-size);--awb-caption-title-transform:var(--h2_typography-text-transform);--awb-caption-title-line-height:var(--h2_typography-line-height);--awb-caption-title-letter-spacing:var(--h2_typography-letter-spacing);\"><div class=\"awb-image-frame awb-image-frame-3 imageframe-liftup awb-bottomshadow\"><span class=\" fusion-imageframe imageframe-bottomshadow imageframe-3\"><img decoding=\"async\" width=\"400\" height=\"225\" title=\"LOGO AGUILA CENTRO RESPLANDOR BLANCO PNG\" src=\"https:\/\/santaanamaya.gob.mx\/wp-content\/uploads\/2024\/11\/LOGO-AGUILA-CENTRO-RESPLANDOR-BLANCO-PNG.png\" data-orig-src=\"http:\/\/santaanamaya.gob.mx\/wp-content\/uploads\/2024\/11\/LOGO-AGUILA-CENTRO-RESPLANDOR-BLANCO-PNG-400x225.png\" alt class=\"lazyload img-responsive wp-image-1206\" srcset=\"data:image\/svg+xml,%3Csvg%20xmlns%3D%27http%3A%2F%2Fwww.w3.org%2F2000%2Fsvg%27%20width%3D%271920%27%20height%3D%271080%27%20viewBox%3D%270%200%201920%201080%27%3E%3Crect%20width%3D%271920%27%20height%3D%271080%27%20fill-opacity%3D%220%22%2F%3E%3C%2Fsvg%3E\" data-srcset=\"https:\/\/santaanamaya.gob.mx\/wp-content\/uploads\/2024\/11\/LOGO-AGUILA-CENTRO-RESPLANDOR-BLANCO-PNG-200x113.png 200w, https:\/\/santaanamaya.gob.mx\/wp-content\/uploads\/2024\/11\/LOGO-AGUILA-CENTRO-RESPLANDOR-BLANCO-PNG-400x225.png 400w, https:\/\/santaanamaya.gob.mx\/wp-content\/uploads\/2024\/11\/LOGO-AGUILA-CENTRO-RESPLANDOR-BLANCO-PNG-600x338.png 600w, https:\/\/santaanamaya.gob.mx\/wp-content\/uploads\/2024\/11\/LOGO-AGUILA-CENTRO-RESPLANDOR-BLANCO-PNG-800x450.png 800w, https:\/\/santaanamaya.gob.mx\/wp-content\/uploads\/2024\/11\/LOGO-AGUILA-CENTRO-RESPLANDOR-BLANCO-PNG-1200x675.png 1200w, https:\/\/santaanamaya.gob.mx\/wp-content\/uploads\/2024\/11\/LOGO-AGUILA-CENTRO-RESPLANDOR-BLANCO-PNG.png 1920w\" data-sizes=\"auto\" data-orig-sizes=\"(max-width: 1024px) 100vw, (max-width: 640px) 100vw, 600px\" \/><\/span><svg xmlns=\"http:\/\/www.w3.org\/2000\/svg\" version=\"1.1\" width=\"100%\" viewBox=\"0 0 600 28\" preserveAspectRatio=\"none\"><g clip-path=\"url(#a)\"><mask id=\"b\" style=\"mask-type:luminance\" maskUnits=\"userSpaceOnUse\" x=\"0\" y=\"0\" width=\"600\" height=\"28\"><path d=\"M0 0h600v28H0V0Z\" fill=\"#fff\"\/><\/mask><g filter=\"url(#c)\" mask=\"url(#b)\"><path d=\"M16.439-18.667h567.123v30.8S438.961-8.4 300-8.4C161.04-8.4 16.438 12.133 16.438 12.133v-30.8Z\" fill=\"#000\"\/><\/g><\/g><defs><clipPath id=\"a\"><path fill=\"#fff\" d=\"M0 0h600v28H0z\"\/><\/clipPath><filter id=\"c\" x=\"5.438\" y=\"-29.667\" width=\"589.123\" height=\"52.8\" filterUnits=\"userSpaceOnUse\" color-interpolation-filters=\"sRGB\"><feFlood flood-opacity=\"0\" result=\"BackgroundImageFix\"\/><feBlend in=\"SourceGraphic\" in2=\"BackgroundImageFix\" result=\"shape\"\/><feGaussianBlur stdDeviation=\"5.5\" result=\"effect1_foregroundBlur_3983_183\"\/><\/filter><\/defs><\/svg><\/div><\/div><\/div><\/div><\/div><\/div>\n","protected":false},"excerpt":{"rendered":"","protected":false},"author":1,"featured_media":0,"parent":0,"menu_order":0,"comment_status":"closed","ping_status":"closed","template":"","meta":{"footnotes":""},"class_list":["post-1440","page","type-page","status-publish","hentry"],"_links":{"self":[{"href":"https:\/\/santaanamaya.gob.mx\/index.php\/wp-json\/wp\/v2\/pages\/1440","targetHints":{"allow":["GET"]}}],"collection":[{"href":"https:\/\/santaanamaya.gob.mx\/index.php\/wp-json\/wp\/v2\/pages"}],"about":[{"href":"https:\/\/santaanamaya.gob.mx\/index.php\/wp-json\/wp\/v2\/types\/page"}],"author":[{"embeddable":true,"href":"https:\/\/santaanamaya.gob.mx\/index.php\/wp-json\/wp\/v2\/users\/1"}],"replies":[{"embeddable":true,"href":"https:\/\/santaanamaya.gob.mx\/index.php\/wp-json\/wp\/v2\/comments?post=1440"}],"version-history":[{"count":4,"href":"https:\/\/santaanamaya.gob.mx\/index.php\/wp-json\/wp\/v2\/pages\/1440\/revisions"}],"predecessor-version":[{"id":1446,"href":"https:\/\/santaanamaya.gob.mx\/index.php\/wp-json\/wp\/v2\/pages\/1440\/revisions\/1446"}],"wp:attachment":[{"href":"https:\/\/santaanamaya.gob.mx\/index.php\/wp-json\/wp\/v2\/media?parent=1440"}],"curies":[{"name":"wp","href":"https:\/\/api.w.org\/{rel}","templated":true}]}}